{"id":4626,"date":"2023-09-19T10:34:11","date_gmt":"2023-09-19T13:34:11","guid":{"rendered":"http:\/\/cupertino.es\/_proyectos\/focu\/2023\/?post_type=product&#038;p=4626"},"modified":"2023-10-04T10:07:30","modified_gmt":"2023-10-04T13:07:30","slug":"feliz-dia-mama","status":"publish","type":"product","link":"http:\/\/cupertino.es\/_proyectos\/focu\/2023\/producto\/feliz-dia-mama\/","title":{"rendered":"TARJETA FELIZ D\u00cdA MAM\u00c1"},"content":{"rendered":"","protected":false},"excerpt":{"rendered":"<p>Tama\u00f1o 10&#215;15 cm<\/p>\n<p>Papel Ilustraci\u00f3n 170 gr<\/p>\n<p>Hecho a mano con \u2764\ufe0f en Buenos Aires, Argentina<\/p>\n","protected":false},"featured_media":4630,"template":"","meta":{"_acf_changed":false},"product_cat":[73,89],"product_tag":[75,91,92,90,39],"class_list":{"0":"post-4626","1":"product","2":"type-product","3":"status-publish","4":"has-post-thumbnail","6":"product_cat-dia-de-la-madre","7":"product_cat-tarjeteria","8":"product_tag-dia-de-la-madre","9":"product_tag-mama","10":"product_tag-mama-te-amo","11":"product_tag-tarjetas","12":"product_tag-tarjeteria","14":"first","15":"instock","16":"shipping-taxable","17":"purchasable","18":"product-type-simple"},"acf":[],"_links":{"self":[{"href":"http:\/\/cupertino.es\/_proyectos\/focu\/2023\/wp-json\/wp\/v2\/product\/4626","targetHints":{"allow":["GET"]}}],"collection":[{"href":"http:\/\/cupertino.es\/_proyectos\/focu\/2023\/wp-json\/wp\/v2\/product"}],"about":[{"href":"http:\/\/cupertino.es\/_proyectos\/focu\/2023\/wp-json\/wp\/v2\/types\/product"}],"wp:featuredmedia":[{"embeddable":true,"href":"http:\/\/cupertino.es\/_proyectos\/focu\/2023\/wp-json\/wp\/v2\/media\/4630"}],"wp:attachment":[{"href":"http:\/\/cupertino.es\/_proyectos\/focu\/2023\/wp-json\/wp\/v2\/media?parent=4626"}],"wp:term":[{"taxonomy":"product_cat","embeddable":true,"href":"http:\/\/cupertino.es\/_proyectos\/focu\/2023\/wp-json\/wp\/v2\/product_cat?post=4626"},{"taxonomy":"product_tag","embeddable":true,"href":"http:\/\/cupertino.es\/_proyectos\/focu\/2023\/wp-json\/wp\/v2\/product_tag?post=4626"}],"curies":[{"name":"wp","href":"https:\/\/api.w.org\/{rel}","templated":true}]}}